4 + 1). Let l = n + 242. Is l a prime number?
False
Let b(v) = 6*v**3 + 2*v**2 + 4*v + 1. Is b(6) prime?
False
Let z = 49 + 46. Suppose 0 = q + 4*q - z. Is q prime?
True
Suppose 798 = 5*h - 0*h - 2*s, -4*h + 648 = -4*s. Is (-1)/2*h*-1 a prime number?
True
Let l(d) = 4*d + 6. Let h(q) = -2*q - 3. Let x(f) = 13*h(f) + 6*l(f). Let z(i) = 3*i + 4. Let r be z(-3). Is x(r) composite?
False
Is (-4 - -735) + -1 + -3 composite?
False
Suppose b = 836 + 463. Is 4/6 - b/(-9) a prime number?
False
Let t be 2/(-3) + (-52)/12. Let n be ((-4)/t)/((-9)/(-180)). Suppose -4*l + 198 = 2*g - n, 4*g = 3*l + 373. Is g prime?
True
Suppose -k = -5*k - 8. Let a(y) = 8*y**3 + 2*y**2 - y + 1. Let b be a(k). Is (b/3)/(2/(-6)) composite?
False
Let o = 127 - -160. Is o composite?
True
Let i be ((-12)/10)/((-6)/15). Suppose -i = -d - 0. Is d a prime number?
True
Suppose -4*k + 12 = -8*k. Is -19*6/k - 1 prime?
True
Let x(a) = -23*a - 34. Is x(-21) a prime number?
True
Let y(t) = 12*t - 9. Is y(8) prime?
False
Let f = -2950 + 4145. Suppose -4*k + 717 = 3*t, 2*t - k = -3*t + f. Is t prime?
True
Is ((-879)/12)/(14/8 + -2) a prime number?
True
Suppose -5*j = -2*p - 3*p - 445, -2*j - 3*p = -178. Is j a prime number?
True
Let g(b) = -24*b + 19. Let j be 2/5 - 126/15. Is g(j) a composite number?
False
Suppose 3*i + 5*p - 110 = 0, -i + 5*i = 5*p + 170. Suppose -3*m + 109 = -2*j, 2*j - 49 = -3*m + i. Suppose -4*n = -m + 5. Is n a composite number?
False
Suppose -2*w + y = 2*w, 0 = -5*w - y. Suppose w = u + 8 + 4. Is (712/u)/(2/(-3)) composite?
False
Suppose 3*i + 1031 = 4*a, 5*a - 424 - 871 = 5*i. Is 2/(2 - -2)*a a prime number?
True
Let s(m) = 5*m**2 + 16*m - 27. Is s(10) a composite number?
True
Suppose -332 + 38 = 3*b. Is -2 - 1 - (b - 0) a prime number?
False
Suppose 5*u - 10 = n, u - 19 = -2*n - 2*u. Suppose n - 72 = -z. Is z prime?
True
Let z = -8 + 0. Let g = 6 + z. Is 1/g*-1*38 prime?
True
Let w be 5/(10/162) - -3. Let o = w - 5. Is o composite?
False
Let g(m) = 32*m**3 + m**2. Let a = -5 + 3. Let z be 0 - (0 - -1) - a. Is g(z) prime?
False
Let g(h) = -95*h**3 - 2*h**2 + 2*h + 1. Is g(-2) composite?
True
Let f(h) = 47*h + 8. Let o be f(7). Suppose 3*t = 4*m - o, -2*t - 3 = -5*t. Is m a prime number?
False
Let h(s) = -s**3 - s**2 + s + 1. Let u be h(-2). Suppose -u*r = -32 + 8. Suppose -7 = 3*d + r, -2*d = 5*o - 585. Is o composite?
True
Suppose 4*i - 892 = -104. Let r = i + -104. Let z = 158 - r. Is z a composite number?
True
Let k = 798 - 457. Is k prime?
False
Suppose 0 = 10*f - 354 + 104. Is f composite?
True
Let o(z) = 3*z**3 + 7*z**2 + 8*z - 7. Let x(g) = 13*g**3 + 28*g**2 + 32*g - 29. Let v(c) = -9*o(c) + 2*x(c). Is v(-8) a composite number?
True
Let a(g) = -g + 1501. Is a(0) a composite number?
True
Suppose -2*k + 20 = 4*n - 0*k, 3*k = -3*n + 18. Suppose -2*v + 155 = 3*u, n*u = -5*v + 388 + 17. Is v a prime number?
False
Is 0 + 3 - (-1452)/3 composite?
False
Suppose 2*d = -3*n + 1218, -4*d + 125 = -2*n + 937. Suppose 7*h - n = 5*h. Is h a composite number?
True
Let r be 5/20 + (-1)/4. Let i be 66 - r*3/(-9). Let d = i + -11. Is d composite?
True
Let q be (-130)/(-18) + 2/(-9). Let t = -9 - -13. Suppose -j + t = -q. Is j composite?
False
Suppose 0 = -2*f + 2*i + 3*i + 551, i + 5 = 0. Is f a prime number?
True
Let o(g) = -g**3 - 13*g**2 + 12*g - 20. Let w be o(-14). Is ((-4)/(-6))/(w/3144) a composite number?
True
Let y = -4 + 3. Let d(v) = v**2 + 1. Is d(y) a composite number?
False
Let a(d) = -226*d. Let k be a(-5). Suppose -5*n = -k + 115. Is n prime?
False
Suppose 5*m - u - 94 = 16, 4*u - 135 = -5*m. Suppose -46 = -2*r + b, r + 0*b = 5*b + m. Is r a composite number?
False
Let r = -10 + 19. Is 133/r - (-4)/18 composite?
True
Let d(p) = p**2 - 11. Let k = 1 - 9. Is d(k) a composite number?
False
Suppose 5*v + 4*n - 178 - 437 = 0, -n = v - 122. Suppose 0 = -9*s + 8*s + v. Is s composite?
False
Let p = -415 - -706. Let s = 106 + p. Is s a prime number?
True
Suppose 44 + 58 = 2*w. Suppose w + 90 = 3*t. Is t a composite number?
False
Let r(x) = x**3 - 13*x**2 - 10*x - 37. Is r(15) a composite number?
False
Let h = -4 + 6. Suppose -h*z + 6*z = -3*m + 3, 5*m = 3*z + 34. Suppose -m*y + y = -40. Is y a composite number?
True
Suppose -g + 3 = -0. Suppose -43 = -2*h + g*u + 7, -u = -4*h + 120. Is h a composite number?
False
Let m = 32 + 39. Suppose 2*r = -t + 74, -2*t + 40 + m = 3*r. Is r composite?
False
Let o(t) = -2*t - 4. Let a be o(-3). Suppose a*r = -2*f + 70, 2*f + 164 = r + 3*r. Is r prime?
False
Is 3/(-2)*452/(-6) composite?
False
Let g be -1*(-3)/(-3)*-5. Suppose -g*z + 2*y + 353 = 0, -3*z - 2*y + y = -214. Let v = z - 50. Is v a composite number?
True
Let k(p) = 18*p - 7. Is k(11) composite?
False
Let p = -2 - -2. Suppose -5*h - 5*j - 15 = p, -5*h = 5*j - 3*j. Suppose 4*y - 5*w = -0*w + 31, 0 = -h*w - 6. Is y a composite number?
True
Let p(o) = -5*o**3 + o**2. Let d be p(-1). Suppose -5*r - 149 = -d*r. Is r a composite number?
False
Suppose 2*x = y + 30 + 18, -2*y - 2*x = 114. Let k = y - -95. Suppose -5*t + c + 75 = -4*c, k = 3*t - 4*c. Is t composite?
False
Let p(y) = -y**2 + 15*y + 3. Let q be p(15). Suppose -2*x - 2 = -3*x, 0 = 3*l - q*x - 471. Is l a composite number?
True
Is (-3)/(13 + -4)*-207 composite?
True
Let i = 219 + -92. Is i a composite number?
False
Let t = 17 - 15. Suppose -2*k - t*k = -124. Is k composite?
False
Let v = -5 - -8. Suppose v*g + 3*b = 93, 2*g - 5*g - b + 101 = 0. Is g composite?
True
Let a be (18/15)/((-3)/(-3090)). Suppose 2*c - a = -2*c. Is c composite?
True
Let f be 6/4*12/9. Let g(k) = 7*k**2 + 2*k + 1. Let n be g(f). Let m = n + -20. Is m composite?
False
Let w(r) = 5*r**2 + 7*r + 4. Let b be w(-4). Suppose 4*c = b + 404. Is c a prime number?
False
Suppose 0*v + 5*v = 30. Let h be -259*2/(v/(-3)). Let n = h + -132. Is n a prime number?
True
Let y = 33 - 23. Let u = 24 + y. Is u prime?
False
Suppose 5*o + 29 = -31. Let v = -8 - o. Is v prime?
False
Let s = -10 + 26. Suppose -5 = -3*u + s. Is u a prime number?
True
Suppose 23*t = 22*t + 709. Is t composite?
False
Suppose -4*m + 133 = -223. Is m prime?
True
Suppose 5*z - 8480 = -5*j, 3*j + 958 = -2*z + 6043. Is j prime?
True
Let y be (-4)/(-2) - (-1 - 10). Let w = 42 - 23. Let r = w - y. Is r a composite number?
True
Suppose 3*d - d = -3*u + 1526, 2*d = 5*u + 1558. Is d a composite number?
False
Let z = 215 - -704. Is z prime?
True
Let w = -51 + -23. Let b = w - -183. Is b composite?
False
Is (257/2)/(5/(-40)*-4) prime?
True
Let v(k) be the second derivative of -53*k**3/3 + k**2/2 + 5*k. Is v(-2) composite?
True
Let g = 0 + -6. Let y(k) = -2*k - 9. Let o be y(g). Suppose o*i - 70 = i. Is i a prime number?
False
Let m = -625 + 923. Is m prime?
False
Suppose 0 = -o - i - 6, o + 6 = -i - i. Let v = 2 + o. Let r(a) = 2*a**2 + 4*a - 3. Is r(v) composite?
False
Suppose 9*a = 4*a + 960. Let r be (347/3)/(4/12). Let k = r - a. Is k composite?
True
Suppose -z - 4*q = -3 + 12, -6 = -z + q. Suppose -j + 427 = z*o, j = 5*o - 1014 + 305. Suppose 2*k - o = -2*x - 30, 167 = 3*k + 2*x. Is k composite?
True
Suppose v - 1113 - 268 = 0. Is v a prime number?
True
Suppose c = 2*k - 5, 2*k - 2 + 1 = -3*c. Suppose -o + 56 = -74. Suppose 5*l = -5*h + o, 0 = -3*l - k*h + h + 70. Is l a prime number?
False
Suppose 1072 = -4*u + 10836. Is u prime?
True
Let g(l) = l + 12. Is g(9) a composite number?
True
Suppose 0*r + 3*r - l - 157 = 0, 51 = r - l. Is r composite?
False
Let s = -3 - -5. Let q be 1*s*(-2)/4. Is q/((-2)/15)*2 a prime number?
False
Let s(f) = f + 11. Suppose 3*k + 27 = -0*k. Let n be s(k). Suppose n + 35 = j. Is j a composite number?
False
Let i(f) = 6*f**3 - 5. Is i(4) a prime number?
True
Let g(q) = 2*q**2 - 33 + 49 - q**2 + 13*q. Let t be g(-12). Suppose -t*m = -3 - 37. Is m a prime number?
False
Suppose -20*i + 23089 = -9*i. Is i a composite number?
False
Suppose 4*z = -b - 0*z + 159, -4*b + 580 = 2*z. Is b a prime number?
False
Suppose 5*m = -5*l + 336 + 269, -2*m = -3*l - 257. Suppose 0 = -x - 4*d - m + 433, -3*x - d = -883. Is x composite?
False
Let m(d) = 2938*d**2 + d + 2. Is m(-1) a composite number?
False
Suppose 1142 = 3*k - k. Is k a composite number?
False
Suppose -4*d - 9 - 19 = 0. Let h = 7 + d. Suppose h = 4*q - q - 267. Is q prime?
True
Suppose 5*y = 3*w - 629, -5*y = -4*y + 